3)?
2, 3, 5, 7
What are the prime factors of -13 - -24851 - 8 - (-10)/(-5)?
2, 3, 2069
Let l = -304 - -807. Suppose -2511 = -5*n + o - 5*o, n = -o + l. Suppose n = 3*z - 2*t + 146, -4*z + 464 = 4*t. What are the prime factors of z?
3, 13
Let p(g) = -15*g + 109. Let t be p(7). Suppose t*w - 491 = 5*o, 3*w - 2*w + 2*o - 139 = 0. What are the prime factors of w?
3, 43
Let f be (-2 + -10)*(-2)/6. Suppose f*x = 136 + 76. Suppose -47*i - 1746 = -x*i. List the prime factors of i.
3, 97
Let c(y) = 5*y**2 - 137*y + 358. List the prime factors of c(43).
2, 29
Let d(a) = 22*a - 1. Let s be d(-1). Suppose 0*p - 4*p = 3*q + 145, 5*q + 227 = -3*p. Let t = s - q. List the prime factors of t.
2, 5
Let b(c) be the second derivative of c**5/20 + c**4/3 + c**3/2 + c**2/2 - 9*c. Let p be b(-3). Let y(g) = 84*g - 2. What are the prime factors of y(p)?
2, 41
Suppose -2*d + 18 = -2*b, -b = 1 - 0. Let h = 2 + 1. Suppose 0 = -o - h*n + d, -16 = -2*o + 4*n - n. What are the prime factors of o?
2
Let l(y) = 722*y**2 + 5*y - 1. Let i be l(-2). Suppose -m - 5*x = -1455, 0 = m + m - x - i. What are the prime factors of m?
2, 3, 5
Let g = 157 - -42. Let d = 1375 - g. List the prime factors of d.
2, 3, 7
Let i(o) = o**3 + 8*o**2 - 7*o + 18. Let h be i(-9). Suppose h = -u + 5*a, -3*u + u = -4*a. What are the prime factors of (2349/(-9))/(u - (2 + -1))?
3, 29
Let k(l) = -l**2 - 10*l + 6. Suppose 4*y = -30 - 10. Let n be k(y). What are the prime factors of 362/6 - n/(-9)?
61
Let o(i) = 39*i**2 + 7*i - 14. Let f be o(2). Let c = 152 + f. What are the prime factors of c?
2, 7, 11
Suppose -3*r + 23836 = 10*v - 6*v, -4*v + 23844 = 5*r. List the prime factors of v.
2, 1489
Suppose -q - 64*s + 6879 = -69*s, -4*q - 4*s + 27516 = 0. List the prime factors of q.
3, 2293
Suppose -2*d + 3*z = -8, -d + 1 = -0*z - 3*z. Let g = 668 + -592. Let r = d + g. List the prime factors of r.
83
Let a(c) = -c**3 - 29*c**2 - 28*c + 6. Let d(l) = 21*l + 14. Let n be d(-2). Let t be a(n). Suppose t*s + 0*s - 1074 = 0. List the prime factors of s.
179
Let i be (-17342)/(-5) - 50/125. Suppose 6698 = 17*d - i. List the prime factors of d.
2, 13, 23
Let i(z) = -11*z - 23 + 2 - z**3 + 3 - 8*z**2. Let k be i(-7). List the prime factors of k*(-5)/40*-56.
2, 5, 7
List the prime factors of (-3078)/5643 - (-974634)/22.
3, 14767
Suppose 917*r = 915*r + 9594. List the prime factors of r.
3, 13, 41
Let l(o) = -o**2 + 28*o - 60. Let x be l(26). List the prime factors of (-3)/(-12) + (x - 2706/(-24)).
3, 5, 7
Let n(k) = k**3 + 5*k**2 + 2*k - 7. Let v be n(-3). Suppose 2*r - 867 = -6*g + g, -3*r - v*g = -1298. What are the prime factors of r?
431
Let p = 6293 + -2875. List the prime factors of p.
2, 1709
Suppose 0 = -8*n - 33 + 57. Suppose u = 5*f - n*u - 4549, 3*f = -u + 2726. Suppose -10*k = -f - 231. What are the prime factors of k?
2, 3, 19
Let w = 185 + 265. Let o = -313 + w. List the prime factors of o.
137
Let q(z) = z**2 - 14*z - 13. Let h be q(13). Let m = 28 + h. List the prime factors of (28*m)/(2/5).
2, 5, 7
Let z be 20/3*(-6)/4. Let t(u) = 2*u**2 - 8*u. What are the prime factors of t(z)?
2, 5, 7
Let a = 24 + -14. Let m(z) = -z**2 + 7*z + 5. Let r be m(a). List the prime factors of (-8)/20 + (-1010)/r.
2, 5
Suppose -2*k = 3*v - 14, -4*k + 7*k - 4 = 4*v. Suppose -78 = -4*x + i, 0*i - 3*i = k*x - 70. Suppose -11*j + 12*j = x. List the prime factors of j.
19
Let d(m) be the first derivative of -m**4/2 + 14*m**3/3 + 65*m**2/2 - 2*m - 24. What are the prime factors of d(-7)?
3, 5, 61
Let n = -679 - -1348. Let i = -283 + n. What are the prime factors of i?
2, 193
Suppose 0 = -70*w + 66*w + 5*p + 12766, 2*p = 4. List the prime factors of w.
2, 1597
Let f = -246 + 251. Suppose 23*v - r = 21*v + 442, f*v = 2*r + 1107. What are the prime factors of v?
223
Let v(w) = 16*w**2 + 109*w - 109. Let u(l) = 9*l**2 + 54*l - 55. Let h(r) = -5*u(r) + 3*v(r). List the prime factors of h(-32).
2, 13, 23
Let w be ((-2 - 0) + 3)/((-5)/(-15)). Suppose 2*r + 5*n - 475 = 0, -w*r - n + 611 = -121. List the prime factors of r.
5, 7
Let w be -7*((-66)/(-14) + -5). Suppose r - w*r + 3*k + 117 = 0, 0 = -2*r + 3*k + 219. List the prime factors of r.
2, 3, 17
Suppose -3*d = -5*t - 22224, 4*d + t - 10624 = 18985. List the prime factors of d.
11, 673
Suppose 4*t + 8*n - 12*n = 400, -n + 2 = 0. Let r(s) = -t + 8*s - 4*s + 77. What are the prime factors of r(16)?
3, 13
Suppose 8*c - 8560 - 4928 = 0. Suppose -33*q - c = -39*q. List the prime factors of q.
281
Suppose -16*w = 277566 - 920053 - 329033. List the prime factors of w.
2, 3, 5, 11, 23
Suppose 4*j = -6*t + 5*t + 34, 2*t + 20 = 3*j. List the prime factors of (-120)/320 + 2083/j.
2, 5, 13
Let v be (-5)/(-4 - (0 - 3)). Let b(o) = -3 - 3*o + 12*o + 0 - o**2. What are the prime factors of b(v)?
17
Let q be (-6)/(-2) - (0 + -1 + -1611). Let o = q + -969. Suppose 0 - 6 = -3*r, 4*b - 3*r - o = 0. What are the prime factors of b?
163
Let y = 308 + -306. Suppose -y*c + 221 = -63. List the prime factors of c.
2, 71
Suppose -138*p + 1372 = -134*p. Suppose -11*m + p = -4*m. Let k = m + 56. List the prime factors of k.
3, 5, 7
Let a(r) = -1618*r + 967. What are the prime factors of a(-4)?
43, 173
Let z be (-2)/(-5) + (-4)/10. Let v be (31/2)/1*(-260)/(-65). Suppose z = -2*n - 4*o + v, -4*n - 3*o = -58 - 71. List the prime factors of n.
3, 11
Let o be (-18 + -2)/((-3)/6). Let w = 41 - o. What are the prime factors of (3/w + 7 + -107)*-1?
97
Suppose -4*q = 26 - 42. Let c be ((-3)/(-4))/(-1)*q. What are the prime factors of (-7777)/(-88) + c/8?
2, 11
Let i = -3 - -60. Let q(l) = -l**3 + 5*l**2 + 3*l + 6. Let c be q(6). Let p = i + c. List the prime factors of p.
3, 5
Suppose 5*k + 28 = -2*v + k, -3*k = 4*v + 41. What are the prime factors of 38*(-6)/36*(-1 + v)?
3, 19
Suppose -3*b + 43584 - 7410 = 3*v, -5*b + v + 60320 = 0. List the prime factors of b.
3, 4021
List the prime factors of (-56)/(-12)*5529/38.
7, 97
Let l(u) = u**3 + u**2 - u - 2. Let o(q) = -5*q**3 - 11*q**2 + 17*q + 6. Let a(s) = -4*l(s) - o(s). What are the prime factors of a(7)?
3, 199
Let l be (-24)/32 + 99/4. Suppose -l = u - 29. Suppose r = -u*z + 404, -3*z - r + 244 = -2*r. What are the prime factors of z?
3
Let y(w) = -231*w**3 + w**2 + 26*w + 9. List the prime factors of y(-3).
3, 29, 71
Let w(t) = -357*t**3 - 7*t**2 - 14*t + 41. List the prime factors of w(-3).
13, 743
What are the prime factors of (2543/4)/(-6*(-12)/576)?
2, 2543
Let z = -27 - -32. Suppose 0 = -u - z*v - 12, -4*u - 3*v - 10 = -2*v. List the prime factors of 5/(-5)*(-1 - u) + 114.
113
Let a(c) = 6*c**3 - 2*c**2 - 28*c + 110. List the prime factors of a(9).
2, 5, 11, 37
Let d(h) = 431*h**2 + 458*h - 2. What are the prime factors of d(8)?
2, 17, 919
Suppose i + 3*g - 92 + 9 = 0, g = 3*i - 209. Suppose -i + 1423 = 13*u. List the prime factors of u.
2, 13
Let r(v) = 21*v**2 - v - 10. Let w be r(-4). Suppose j - w = -f, 138*j - 4*f = 139*j - 345. List the prime factors of j.
5, 13
Let z(y) = 82*y**2 - 59*y + 352. List the prime factors of z(6).
2, 5, 59
Suppose -3*t + 8*j = -12030, 22*j - 17*j - 4056 = -t. List the prime factors of t.
2, 3, 11, 61
Suppose 3*t + 587 - 581 = 0. Let o(p) = -45*p**2 - 8*p - 19. Let z(h) = -15*h**2 - 3*h - 6. Let w(c) = 2*o(c) - 7*z(c). List the prime factors of w(t).
2, 3
Let b = -184 - -189. Suppose -i + 2334 = -0*v + 4*v, b*i = -10. List the prime factors of v.
2, 73
Let l = -667 + 670. Suppose -l*a + 3*i + 756 = 0, a - 3*a + 504 = 5*i. List the prime factors of a.
2, 3, 7
Let f(c) = 94*c + 123. Let w(g) = g**3 + 9*g**2 + 10*g + 14. Let d be w(-8). Let s(k) = 32*k + 41. Let l(n) = d*f(n) + 7*s(n). List the prime factors of l(6).
257
Let z = 307 + -146. Let h = -27 + z. What are the prime factors of h?
2, 67
Let z(v) = -v + 8. Let q be z(12). Let r be (1176/2)/q + -4. Let o = r - -252. List the prime factors of o.
101
Suppose 7*h - 74 = -431. Let k = h - -121. Let n = 140 - k. What are the prime factors of n?
2, 5, 7
Let t = 34734 - 19713. What are the prime factors of t?
3, 1669
Suppose 7*j - 7041 = 21673. What are the prime factors of j?
2, 7, 293
Let i be 2/((-5)/1340*4). Let l = i + 243. List the prime factors of l.
109
Let q(o) = 26*o**3 + 2*o**2 + 3*o - 6. Let c be 5 - (3/6 - (-30)/20). What are the prime factors of q(c)?
3, 24